3*j**3 - 3*j + j**2. What is n(3)?
12
Let p(s) = -s + 7. Suppose -3*z = -4*w - 18 + 69, 0 = -4*w - z + 31. What is p(w)?
-2
Let c(b) be the first derivative of -b**2/2 - b + 2. Let k(t) = -87*t - 89. Let d be k(-1). Determine c(d).
1
Let n(q) = q**3 - q + 22. Suppose 0 = -2*z - 5*w + 2 - 7, 3*z - 4*w = 4. Give n(z).
22
Let z be 3/(-9) + (-39)/(-9). Suppose -3*x + 5*a = -0*a - 12, -x + 4*a = -z. Let n(o) = -o + 2 + 6 - 3*o + o**2 - x. Determine n(3).
1
Suppose -3*j + 7*j = 48. Let a = 14 - j. Let i(q) = -q - 2. Give i(a).
-4
Let s(d) = 7*d**3 + 14*d**2 + 2*d + 25. Let g(k) = 10*k**3 + 21*k**2 + 3*k + 37. Let t(q) = 5*g(q) - 7*s(q). Let o be 3/(1 + (-40)/28). Give t(o).
3
Suppose 5*p - 24 = p. Let a(w) be the first derivative of -w**3/3 + 7*w**2/2 - 8*w - 1530. Calculate a(p).
-2
Let q(j) = -27*j**3 + 19*j**2 - 9*j - 18. Let v(h) = -11*h**3 + 10*h**2 - 5*h - 10. Let n(w) = -2*q(w) + 5*v(w). What is n(11)?
30
Suppose 2*t = -0*t + 4. Suppose t*i + 2 = 5*h, -4*h + 4*i + 24 = 8*i. Let s(a) = 3*a + 5*a - 1 - a - h*a**2 - 4*a. Give s(2).
-3
Let z(w) = -23*w**2. Let j(x) = -2*x - 26. Let d be j(-14). Suppose -110*t = -108*t - d. Give z(t).
-23
Let j(k) = -k. Let s(i) = i**2 - 16*i - 5. Let n be s(16). Calculate j(n).
5
Let n(t) be the third derivative of -t**4/24 - 2*t**3/3 + 138*t**2. What is n(6)?
-10
Let u(y) = -y - 1. Let i(m) = 7*m - m + 0*m + 1. Let n(g) = i(g) + 4*u(g). Give n(-4).
-11
Let j(b) = 602*b**2 - 1 + 2*b + 2*b**3 + 602*b**2 - 1202*b**2. Calculate j(2).
27
Let y(z) = -z**2 - 8*z - 9. Let p be y(-6). Suppose -3*s + 7*s - 8 = 0. Let a(i) = 1 - i**2 - i**p + 3*i + s*i**3 - 5*i. What is a(-2)?
-7
Suppose -26 - 1 = -9*w. Let k(x) = -w*x + 12*x - 3 + x**2 - 4*x - 2*x**2. Suppose -5*i + 15 = -2*i. Calculate k(i).
-3
Let s(y) = 3*y + 8. Let r(z) = -2*z + 1. Let x(v) = -r(v) - s(v). Calculate x(-6).
-3
Let q(p) = 8*p**2 + 1 + 5 - 19*p**2 + 7*p**2 + p**3 + 4 - 6*p. Calculate q(5).
5
Let v(t) = 3*t + 1. Let k be ((-6)/(-5))/(363/605). Calculate v(k).
7
Suppose -22 = -4*s + 66. Let t be 3/((-18)/s - 4/22). Let k(i) = 3*i - 10. Let z(x) = 2*x - 9. Let q(f) = -3*k(f) + 4*z(f). What is q(t)?
-3
Let c = -405 + 274. Let y = c + 133. Let p(i) = 12*i + 2. Give p(y).
26
Let v(r) = -r**3 - 5*r**2 + r. Suppose 0 = -2*g - 4*k + 126, -2*k = -4*g + 3*k + 239. Let u = g - 17. Let l be (-1)/(-2) - u/8. Determine v(l).
-5
Let y(g) = -3*g**2 + g - 28. Let j(t) = t**2 + 14. Let s(h) = 5*j(h) + 2*y(h). Determine s(6).
-10
Let a(q) = -q - 15. Let g be a(-21). Let y be 4/16 - (-27)/4. Let h(c) = c - c + 4*c - y - 3*c. Determine h(g).
-1
Let v(o) = -o + 6. Let g(i) = -6*i - 120. Let j be g(-20). Determine v(j).
6
Suppose 5*t = -47 + 152. Let v(p) = 1 - 9*p - 1 + t*p. Suppose 5*i + 6 - 1 = 0. Give v(i).
-12
Let d(n) = -3*n + 4. Let q be ((-60)/135)/((-4)/18). Suppose -3*c + o = -2*c + 2, 4*c = q*o + 2. Calculate d(c).
-5
Let b(s) = 2*s**3 + 2*s**2 + 4*s + 5. Let z(j) = -j**2 + 29*j + 28. Let g be z(30). Calculate b(g).
-11
Let y(i) = 2*i**2 + i - 4. Let x = -7 - 32. Let m = -27 - x. Suppose -35 = 5*b - 4*j, -3 = 2*b + 3*j - m. Determine y(b).
11
Suppose -2*j - 64 = 14*j. Let p(s) = -8*s - 4. Give p(j).
28
Let l = 251 - 251. Let t(d) = -d - 8. Give t(l).
-8
Let u = 0 - -11. Let l be (0 + -1)/(2/(-4)). Let q(r) = -r - 4 + u + r**l + 0*r. Give q(0).
7
Let l(x) = 2*x**2 + 6*x + 2. Let d = 8 + -20. Let s = 14 + d. Suppose 3*a + 32 = -5*c, a - 16 = s*c + 3*c. What is l(a)?
10
Let d(t) = t**3 + 4*t**2 - t - 1. Suppose -5*m + 0 + 15 = 0. Let k(x) = x**3 - 13*x**2 + 15*x - 16. Let c be k(12). Suppose m*g + 2*g = -c. What is d(g)?
3
Let q(f) = -3*f - 4. Let g(a) = 7*a + 8. Let d(j) = 2*g(j) + 5*q(j). Suppose -2*k + 5*w + 2 = -1, k + 12 = -2*w. Let p be (-3)/9 + 34/k. Give d(p).
2
Suppose -3*n - 1 = 2. Let k be n/2 + (-4)/8. Let m = 0 + k. Let g(s) = -12*s - 1. Determine g(m).
11
Let h(i) = -2*i + 6. Let r(m) be the first derivative of -3*m**4/4 - 4*m**3/3 - 4*m + 42. Let w be r(-2). Determine h(w).
-2
Let f be ((-6)/(-5))/((-12)/(-30)). Let m(s) = s**3 + 3 + 3*s - 2*s**f + 0 - 1. Give m(-2).
4
Let v = 4 + 3. Let g = v + -7. Let c(l) = g*l + l + 0*l - 4*l. What is c(2)?
-6
Let l(m) = -42 + 3*m + 28 - 15*m + 18. What is l(-2)?
28
Let k(w) = 2*w**2 - 10*w + 6. Suppose -4*t = t + 100. Let c = t + 14. Let u be (2/c)/((-3)/54). Calculate k(u).
18
Suppose 0 = -58*i + 62*i - 4. Let f(g) = 0*g**3 + 12*g**3 + g**2 - 1 + 0. Give f(i).
12
Let s = -253 - -266. Let l(t) = t - 13. Calculate l(s).
0
Let a(p) = -p**2 + p. Let f(b) = 2*b**2 - 11*b + 1. Let k(u) = a(u) + f(u). What is k(7)?
-20
Let z(k) = 3*k**2 + 1. Let s be z(1). Let q(u) = -3*u**2 - 328*u + 5. Let o(f) = f**2 + 116*f - 2. Let m(d) = 17*o(d) + 6*q(d). Calculate m(s).
-4
Let o(k) be the second derivative of 11*k**5/10 + k**3/6 - k + 28. Determine o(-1).
-23
Let a = 178 - 172. Let h(p) = -p + 6. Let c(s) = -2*s + 13. Let m(d) = 2*c(d) - 5*h(d). What is m(a)?
2
Let j(p) be the first derivative of -p**4/4 - 8*p**3/3 - p**2/2 + 7*p - 91. What is j(-6)?
-59
Let u(m) be the first derivative of m**2/2 - 12*m + 400. Calculate u(10).
-2
Let k(t) = -t**2 - t - 3. Suppose 5*r = -2*x + 216, -x - 258 + 93 = -4*r. Let f = r + -39. What is k(f)?
-15
Let a(t) = -5*t + 2 + 6*t - 3*t. Let q = -6 + 3. Let l(n) = 3*n**2 + 8*n + 2. Let w be l(q). Calculate a(w).
-8
Suppose -3*z + 0*z = -9. Let m(i) = 2*i**3 + 10 - 3*i**3 + 6*i - 5*i**2 - z. Determine m(-6).
7
Let v(q) = q**2 + 23*q + 3. Let x be v(-23). Let m(i) = 2*i - x*i + 13 - 17 + 2*i. Give m(-9).
-13
Let o = 1098 + -1094. Let i(h) be the second derivative of 10*h - 5/12*h**o + 1/20*h**5 + h**2 + 2/3*h**3 + 0. Calculate i(4).
2
Let w(j) = -j**2 - j - 1. Suppose 4 = -2*n, 0*n + 2 = -2*m + n. Let t be -5 + (-10)/(-4 - m). Give w(t).
-1
Let f = 260 + -269. Let u(d) = -d**3 - 8*d**2 + 8*d - 7. Give u(f).
2
Let m(z) = -6*z. Let j be m(1). Suppose 2*f - 4*f + 12 = 0. Let u(y) = f + 8*y**3 + 4*y - 7*y**3 + 5*y + 7*y**2. Give u(j).
-12
Let k(l) = -l**3 + 4*l**2 + 4*l + 4. Suppose -3*a + 6*a - 15 = 0. Suppose -i + 25 = s + 3*s, a*i - 10 = 3*s. Calculate k(s).
-1
Let g(q) = -6*q**3 + 2*q**2 - 1. Let l(u) be the third derivative of u**4/24 - 3*u**3/2 + u**2. Suppose -2124*i - 30 = -2127*i. Let j be l(i). Give g(j).
-5
Let g(l) = -4*l**3 - 4*l**2 - 13*l**3 + 4*l - 3 + 3 + 16*l**3 - 6. Determine g(-5).
-1
Let d(v) be the first derivative of -v**3/3 - v**2/2 + v - 191. Calculate d(2).
-5
Let m = -211 - -213. Let v(p) = 2*p - 6. Determine v(m).
-2
Suppose -5 = -k + 3*k + 3*i, -9 = 4*k + 5*i. Let m(g) be the third derivative of -g**2 - 1/4*g**4 + 0*g + 0 + 1/6*g**3. Calculate m(k).
7
Suppose 2*v = 5*q - 17, 0 = -3*v - 2 - 1. Let f(s) = s**2 - 4*s + 7. Determine f(q).
4
Let n(x) = -5*x**3 - 44*x**2 - 6*x + 50. Let w(o) = -o**3 - 9*o**2 - o + 10. Let t(l) = -2*n(l) + 11*w(l). Determine t(-11).
-1
Let j(w) = 12*w**2 - w**2 - 3*w**2 + 12 - 24*w**3 + 25*w**3 - 8*w. Calculate j(-9).
3
Let a(m) = 17*m + 12*m**2 - m**3 - 33*m + 20*m**2 - 31*m**2 + 5 + 17*m. Suppose -3*d - 2*d = 0. Determine a(d).
5
Let d(l) be the first derivative of -4*l**2 + l - 2. Let u = -1236 + 1237. Give d(u).
-7
Let w(s) = 9*s**2 + 18*s - 18. Let z be w(1). Let t(y) = -2*y**2 - y. Let n be t(1). Let g be (-60)/z + 4/n. Let l(r) = r**3 + 7*r**2 - 9*r - 9. Determine l(g).
-1
Let z(i) be the second derivative of -i**5/20 - i**4/3 + i**3/3 - 5*i**2/2 - i. Let n = -112 + 110. Let g be (21 - 22)*(-10)/(n/1). Give z(g).
10
Let n(z) be the first derivative of z**3/3 - 2*z**2 + 2*z - 1. Let j(v) = -v**3 + 27*v**2 - 27*v + 29. Let h be j(26). What is n(h)?
-1
Let n = 4 + -1. Let r(b) = 2*b**2 + 3*b + 2. Let y(v) = v + 1. Let c(p) = -r(p) + 2*y(p). Give c(n).
-21
Let h = -64 + 90. Suppose -3*d + h = -q, 5*d - 5*q - 30 = 30. Let u(c) = 3*c - 5. Give u(d).
16
Suppose -995 = 17*o - 791. Let i(m) = -m**2 - 14*m - 28. Determine i(o).
-4
Let f = -8 + 13. Let u(o) = 11*o - 6. Let j be (-2)/(-4)*20/(-5). Let t(q) = 5*q - 3. Let s(p) = j*u(p) + 5*t(p). What is s(f)?
12
Let o(f) = 20*f - 32*f + 17*f + 9*f. What is o(-1)?
-14
Let g(b) be the second derivative of -1/6*b**3 + 0 + 12*b - 5/2*b**2. Calculate g(-4).
-1
Suppose 3 - 7 = -d. Let n(v) = -d*v**3 + 0*v**2 + 3*v**2 - 2*v + 5*v**3 - 4. Give n(-3).
2
Suppose -24 = -3*t - 6. Let o(q) = q + t*q - 1 - 7*q**2 - 5*